[INFO] cloning repository https://github.com/slysonway/use-ppm
[INFO] running `Command { std: "git" "-c" "credential.helper=" "-c" "credential.helper=/workspace/cargo-home/bin/git-credential-null" "clone" "--bare" "https://github.com/slysonway/use-ppm" "/workspace/cache/git-repos/https%3A%2F%2Fgithub.com%2Fslysonway%2Fuse-ppm", kill_on_drop: false }`
[INFO] [stderr] Cloning into bare repository '/workspace/cache/git-repos/https%3A%2F%2Fgithub.com%2Fslysonway%2Fuse-ppm'...
[INFO] running `Command { std: "git" "rev-parse" "HEAD", kill_on_drop: false }`
[INFO] [stdout] c0da4e8cf4a1be147567308a1a3fbf8ba116fed4
[INFO] checking slysonway/use-ppm against try#72f88fc4e9458f89516a0b8b0868f3718aec5b47 for pr-74989
[INFO] running `Command { std: "git" "clone" "/workspace/cache/git-repos/https%3A%2F%2Fgithub.com%2Fslysonway%2Fuse-ppm" "/workspace/builds/worker-9/source", kill_on_drop: false }`
[INFO] [stderr] Cloning into '/workspace/builds/worker-9/source'...
[INFO] [stderr] done.
[INFO] validating manifest of git repo https://github.com/slysonway/use-ppm on toolchain 72f88fc4e9458f89516a0b8b0868f3718aec5b47
[INFO] running `Command { std: "/workspace/cargo-home/bin/cargo" "+72f88fc4e9458f89516a0b8b0868f3718aec5b47" "read-manifest" "--manifest-path" "Cargo.toml", kill_on_drop: false }`
[INFO] started tweaking git repo https://github.com/slysonway/use-ppm
[INFO] removed path dependency ppm from git repo https://github.com/slysonway/use-ppm
[INFO] finished tweaking git repo https://github.com/slysonway/use-ppm
[INFO] tweaked toml for git repo https://github.com/slysonway/use-ppm written to /workspace/builds/worker-9/source/Cargo.toml
[INFO] crate git repo https://github.com/slysonway/use-ppm already has a lockfile, it will not be regenerated
[INFO] running `Command { std: "/workspace/cargo-home/bin/cargo" "+72f88fc4e9458f89516a0b8b0868f3718aec5b47" "fetch" "--locked" "--manifest-path" "Cargo.toml", kill_on_drop: false }`
[INFO] [stderr] warning: dependency (ppm) specified without providing a local path, Git repository, or version to use. This will be considered an error in future versions
[INFO] [stderr]     Updating crates.io index
[INFO] [stderr] error: the lock file /workspace/builds/worker-9/source/Cargo.lock needs to be updated but --locked was passed to prevent this
[INFO] [stderr] If you want to try to generate the lock file without accessing the network, use the --offline flag.
[INFO] the lockfile is outdated, regenerating it
[INFO] running `Command { std: "/workspace/cargo-home/bin/cargo" "+72f88fc4e9458f89516a0b8b0868f3718aec5b47" "generate-lockfile" "--manifest-path" "Cargo.toml" "-Zno-index-update", kill_on_drop: false }`
[INFO] running `Command { std: "/workspace/cargo-home/bin/cargo" "+72f88fc4e9458f89516a0b8b0868f3718aec5b47" "fetch" "--locked" "--manifest-path" "Cargo.toml", kill_on_drop: false }`
[INFO] [stderr] warning: dependency (ppm) specified without providing a local path, Git repository, or version to use. This will be considered an error in future versions
[INFO] [stderr]  Downloading crates ...
[INFO] [stderr]   Downloaded ppm v0.1.0
[INFO] running `Command { std: "docker" "create" "-v" "/var/lib/crater-agent-workspace/builds/worker-9/target:/opt/rustwide/target:rw,Z" "-v" "/var/lib/crater-agent-workspace/builds/worker-9/source:/opt/rustwide/workdir:ro,Z" "-v" "/var/lib/crater-agent-workspace/cargo-home:/opt/rustwide/cargo-home:ro,Z" "-v" "/var/lib/crater-agent-workspace/rustup-home:/opt/rustwide/rustup-home:ro,Z" "-e" "SOURCE_DIR=/opt/rustwide/workdir" "-e" "CARGO_TARGET_DIR=/opt/rustwide/target" "-e" "CARGO_HOME=/opt/rustwide/cargo-home" "-e" "RUSTUP_HOME=/opt/rustwide/rustup-home" "-w" "/opt/rustwide/workdir" "-m" "1610612736" "--user" "0:0" "--network" "none" "rustops/crates-build-env@sha256:d92eaeed33fa75130ca1ee6c8a01d1ffb62bac859dfdfb3450e3e5d1c0146529" "/opt/rustwide/cargo-home/bin/cargo" "+72f88fc4e9458f89516a0b8b0868f3718aec5b47" "metadata" "--no-deps" "--format-version=1", kill_on_drop: false }`
[INFO] [stdout] eba230c920ba269c39a6bbc3e0fd158a4e5152b886593b7151253fa5fc43428a
[INFO] [stderr] WARNING: Your kernel does not support swap limit capabilities or the cgroup is not mounted. Memory limited without swap.
[INFO] running `Command { std: "docker" "start" "-a" "eba230c920ba269c39a6bbc3e0fd158a4e5152b886593b7151253fa5fc43428a", kill_on_drop: false }`
[INFO] running `Command { std: "docker" "inspect" "eba230c920ba269c39a6bbc3e0fd158a4e5152b886593b7151253fa5fc43428a", kill_on_drop: false }`
[INFO] running `Command { std: "docker" "rm" "-f" "eba230c920ba269c39a6bbc3e0fd158a4e5152b886593b7151253fa5fc43428a", kill_on_drop: false }`
[INFO] [stdout] eba230c920ba269c39a6bbc3e0fd158a4e5152b886593b7151253fa5fc43428a
[INFO] running `Command { std: "docker" "create" "-v" "/var/lib/crater-agent-workspace/builds/worker-9/target:/opt/rustwide/target:rw,Z" "-v" "/var/lib/crater-agent-workspace/builds/worker-9/source:/opt/rustwide/workdir:ro,Z" "-v" "/var/lib/crater-agent-workspace/cargo-home:/opt/rustwide/cargo-home:ro,Z" "-v" "/var/lib/crater-agent-workspace/rustup-home:/opt/rustwide/rustup-home:ro,Z" "-e" "SOURCE_DIR=/opt/rustwide/workdir" "-e" "CARGO_TARGET_DIR=/opt/rustwide/target" "-e" "CARGO_INCREMENTAL=0" "-e" "RUST_BACKTRACE=full" "-e" "RUSTFLAGS=--cap-lints=forbid" "-e" "CARGO_HOME=/opt/rustwide/cargo-home" "-e" "RUSTUP_HOME=/opt/rustwide/rustup-home" "-w" "/opt/rustwide/workdir" "-m" "1610612736" "--user" "0:0" "--network" "none" "rustops/crates-build-env@sha256:d92eaeed33fa75130ca1ee6c8a01d1ffb62bac859dfdfb3450e3e5d1c0146529" "/opt/rustwide/cargo-home/bin/cargo" "+72f88fc4e9458f89516a0b8b0868f3718aec5b47" "check" "--frozen" "--all" "--all-targets" "--message-format=json", kill_on_drop: false }`
[INFO] [stdout] bbc65be03206ce255d51db46386f90333946d318043ccafd057c29627861740e
[INFO] [stderr] WARNING: Your kernel does not support swap limit capabilities or the cgroup is not mounted. Memory limited without swap.
[INFO] running `Command { std: "docker" "start" "-a" "bbc65be03206ce255d51db46386f90333946d318043ccafd057c29627861740e", kill_on_drop: false }`
[INFO] [stderr] warning: dependency (ppm) specified without providing a local path, Git repository, or version to use. This will be considered an error in future versions
[INFO] [stderr]     Checking ppm v0.1.0
[INFO] [stderr]     Checking useppm v0.1.0 (/opt/rustwide/workdir)
[INFO] [stdout] error[E0433]: failed to resolve: could not find `Pixel` in `ppm`
[INFO] [stdout]  --> src/main.rs:5:18
[INFO] [stdout]   |
[INFO] [stdout] 5 |     let p = ppm::Pixel::new(255, 255, 255);
[INFO] [stdout]   |                  ^^^^^ could not find `Pixel` in `ppm`
[INFO] [stdout] 
[INFO] [stdout] 
[INFO] [stdout] error[E0433]: failed to resolve: could not find `Pixel` in `ppm`
[INFO] [stdout]  --> src/main.rs:6:19
[INFO] [stdout]   |
[INFO] [stdout] 6 |     let p1 = ppm::Pixel::new(30, 128, 255);
[INFO] [stdout]   |                   ^^^^^ could not find `Pixel` in `ppm`
[INFO] [stdout] 
[INFO] [stdout] 
[INFO] [stdout] error[E0433]: failed to resolve: could not find `Pixel` in `ppm`
[INFO] [stdout]  --> src/main.rs:7:23
[INFO] [stdout]   |
[INFO] [stdout] 7 |     let mut p2 = ppm::Pixel::new(100, 50, 75);
[INFO] [stdout]   |                       ^^^^^ could not find `Pixel` in `ppm`
[INFO] [stdout] 
[INFO] [stdout] 
[INFO] [stdout] error[E0433]: failed to resolve: could not find `Pixel` in `ppm`
[INFO] [stdout]   --> src/main.rs:25:19
[INFO] [stdout]    |
[INFO] [stdout] 25 |     let p3 = ppm::Pixel::new(1, 1, 1);
[INFO] [stdout]    |                   ^^^^^ could not find `Pixel` in `ppm`
[INFO] [stdout] 
[INFO] [stdout] 
[INFO] [stdout] error[E0433]: failed to resolve: could not find `Image` in `ppm`
[INFO] [stdout]   --> src/main.rs:53:39
[INFO] [stdout]    |
[INFO] [stdout] 53 |             let inverted_image = ppm::Image::invert(&image2);
[INFO] [stdout]    |                                       ^^^^^ could not find `Image` in `ppm`
[INFO] [stdout] 
[INFO] [stdout] 
[INFO] [stdout] error[E0433]: failed to resolve: could not find `Pixel` in `ppm`
[INFO] [stdout]   --> src/main.rs:67:34
[INFO] [stdout]    |
[INFO] [stdout] 67 |         let c: ppm::Pixel = ppm::Pixel::new(255, 0, 255);
[INFO] [stdout]    |                                  ^^^^^ could not find `Pixel` in `ppm`
[INFO] [stdout] 
[INFO] [stdout] 
[INFO] [stdout] error[E0433]: failed to resolve: could not find `Image` in `ppm`
[INFO] [stdout]   --> src/main.rs:70:35
[INFO] [stdout]    |
[INFO] [stdout] 70 |     let image3: ppm::Image = ppm::Image::new(colors, w, h); 
[INFO] [stdout]    |                                   ^^^^^ could not find `Image` in `ppm`
[INFO] [stdout] 
[INFO] [stdout] 
[INFO] [stdout] error[E0433]: failed to resolve: could not find `Image` in `ppm`
[INFO] [stdout]   --> src/main.rs:74:10
[INFO] [stdout]    |
[INFO] [stdout] 74 |     ppm::Image::save(&image3, save_path);
[INFO] [stdout]    |          ^^^^^ could not find `Image` in `ppm`
[INFO] [stdout] 
[INFO] [stdout] 
[INFO] [stdout] error[E0433]: failed to resolve: could not find `Image` in `ppm`
[INFO] [stdout]   --> src/main.rs:78:35
[INFO] [stdout]    |
[INFO] [stdout] 78 |     let image4: ppm::Image = ppm::Image::invert(&image3);
[INFO] [stdout]    |                                   ^^^^^ could not find `Image` in `ppm`
[INFO] [stdout] 
[INFO] [stdout] 
[INFO] [stdout] error[E0433]: failed to resolve: could not find `Image` in `ppm`
[INFO] [stdout]   --> src/main.rs:80:10
[INFO] [stdout]    |
[INFO] [stdout] 80 |     ppm::Image::save(&image4, save_path);
[INFO] [stdout]    |          ^^^^^ could not find `Image` in `ppm`
[INFO] [stdout] 
[INFO] [stdout] 
[INFO] [stdout] error[E0433]: failed to resolve: could not find `Image` in `ppm`
[INFO] [stdout]   --> src/main.rs:84:35
[INFO] [stdout]    |
[INFO] [stdout] 84 |     let image5: ppm::Image = ppm::Image::grayscale(&image4);
[INFO] [stdout]    |                                   ^^^^^ could not find `Image` in `ppm`
[INFO] [stdout] 
[INFO] [stdout] 
[INFO] [stdout] error[E0433]: failed to resolve: could not find `Image` in `ppm`
[INFO] [stdout]   --> src/main.rs:86:10
[INFO] [stdout]    |
[INFO] [stdout] 86 |     ppm::Image::save(&image5, save_path);
[INFO] [stdout]    |          ^^^^^ could not find `Image` in `ppm`
[INFO] [stdout] 
[INFO] [stdout] 
[INFO] [stdout] error[E0425]: cannot find function `new_with_file` in crate `ppm`
[INFO] [stdout]   --> src/main.rs:37:22
[INFO] [stdout]    |
[INFO] [stdout] 37 |     let image = ppm::new_with_file(open_path);
[INFO] [stdout]    |                      ^^^^^^^^^^^^^ not found in `ppm`
[INFO] [stdout] 
[INFO] [stdout] 
[INFO] [stdout] error[E0425]: cannot find function `new_with_file` in crate `ppm`
[INFO] [stdout]   --> src/main.rs:49:23
[INFO] [stdout]    |
[INFO] [stdout] 49 |     let image2 = ppm::new_with_file(open_path);
[INFO] [stdout]    |                       ^^^^^^^^^^^^^ not found in `ppm`
[INFO] [stdout] 
[INFO] [stdout] 
[INFO] [stdout] error[E0412]: cannot find type `Pixel` in crate `ppm`
[INFO] [stdout]   --> src/main.rs:63:30
[INFO] [stdout]    |
[INFO] [stdout] 63 |     let mut colors: Vec<ppm::Pixel> = Vec::new();
[INFO] [stdout]    |                              ^^^^^ not found in `ppm`
[INFO] [stdout] 
[INFO] [stdout] 
[INFO] [stdout] error[E0412]: cannot find type `Pixel` in crate `ppm`
[INFO] [stdout]   --> src/main.rs:67:21
[INFO] [stdout]    |
[INFO] [stdout] 67 |         let c: ppm::Pixel = ppm::Pixel::new(255, 0, 255);
[INFO] [stdout]    |                     ^^^^^ not found in `ppm`
[INFO] [stdout] 
[INFO] [stdout] 
[INFO] [stdout] error[E0412]: cannot find type `Image` in crate `ppm`
[INFO] [stdout]   --> src/main.rs:70:22
[INFO] [stdout]    |
[INFO] [stdout] 70 |     let image3: ppm::Image = ppm::Image::new(colors, w, h); 
[INFO] [stdout]    |                      ^^^^^ not found in `ppm`
[INFO] [stdout] 
[INFO] [stdout] 
[INFO] [stdout] error[E0412]: cannot find type `Image` in crate `ppm`
[INFO] [stdout]   --> src/main.rs:78:22
[INFO] [stdout]    |
[INFO] [stdout] 78 |     let image4: ppm::Image = ppm::Image::invert(&image3);
[INFO] [stdout]    |                      ^^^^^ not found in `ppm`
[INFO] [stdout] 
[INFO] [stdout] 
[INFO] [stdout] error[E0412]: cannot find type `Image` in crate `ppm`
[INFO] [stdout]   --> src/main.rs:84:22
[INFO] [stdout]    |
[INFO] [stdout] 84 |     let image5: ppm::Image = ppm::Image::grayscale(&image4);
[INFO] [stdout]    |                      ^^^^^ not found in `ppm`
[INFO] [stdout] 
[INFO] [stdout] 
[INFO] [stdout] error[E0433]: failed to resolve: could not find `Pixel` in `ppm`
[INFO] [stdout]  --> src/main.rs:5:18
[INFO] [stdout]   |
[INFO] [stdout] 5 |     let p = ppm::Pixel::new(255, 255, 255);
[INFO] [stdout]   |                  ^^^^^ could not find `Pixel` in `ppm`
[INFO] [stdout] 
[INFO] [stdout] 
[INFO] [stdout] error[E0433]: failed to resolve: could not find `Pixel` in `ppm`
[INFO] [stdout]  --> src/main.rs:6:19
[INFO] [stdout]   |
[INFO] [stdout] 6 |     let p1 = ppm::Pixel::new(30, 128, 255);
[INFO] [stdout]   |                   ^^^^^ could not find `Pixel` in `ppm`
[INFO] [stdout] 
[INFO] [stdout] 
[INFO] [stdout] error[E0433]: failed to resolve: could not find `Pixel` in `ppm`
[INFO] [stdout]  --> src/main.rs:7:23
[INFO] [stdout]   |
[INFO] [stdout] 7 |     let mut p2 = ppm::Pixel::new(100, 50, 75);
[INFO] [stdout]   |                       ^^^^^ could not find `Pixel` in `ppm`
[INFO] [stdout] 
[INFO] [stdout] 
[INFO] [stdout] error[E0433]: failed to resolve: could not find `Pixel` in `ppm`
[INFO] [stdout]   --> src/main.rs:25:19
[INFO] [stdout]    |
[INFO] [stdout] 25 |     let p3 = ppm::Pixel::new(1, 1, 1);
[INFO] [stdout]    |                   ^^^^^ could not find `Pixel` in `ppm`
[INFO] [stdout] 
[INFO] [stdout] 
[INFO] [stdout] error[E0433]: failed to resolve: could not find `Image` in `ppm`
[INFO] [stdout]   --> src/main.rs:53:39
[INFO] [stdout]    |
[INFO] [stdout] 53 |             let inverted_image = ppm::Image::invert(&image2);
[INFO] [stdout]    |                                       ^^^^^ could not find `Image` in `ppm`
[INFO] [stdout] 
[INFO] [stdout] 
[INFO] [stdout] error[E0433]: failed to resolve: could not find `Pixel` in `ppm`
[INFO] [stdout]   --> src/main.rs:67:34
[INFO] [stdout]    |
[INFO] [stdout] 67 |         let c: ppm::Pixel = ppm::Pixel::new(255, 0, 255);
[INFO] [stdout]    |                                  ^^^^^ could not find `Pixel` in `ppm`
[INFO] [stdout] 
[INFO] [stdout] 
[INFO] [stdout] error[E0433]: failed to resolve: could not find `Image` in `ppm`
[INFO] [stdout]   --> src/main.rs:70:35
[INFO] [stdout]    |
[INFO] [stdout] 70 |     let image3: ppm::Image = ppm::Image::new(colors, w, h); 
[INFO] [stdout]    |                                   ^^^^^ could not find `Image` in `ppm`
[INFO] [stdout] 
[INFO] [stdout] 
[INFO] [stdout] error[E0433]: failed to resolve: could not find `Image` in `ppm`
[INFO] [stdout]   --> src/main.rs:74:10
[INFO] [stdout]    |
[INFO] [stdout] 74 |     ppm::Image::save(&image3, save_path);
[INFO] [stdout]    |          ^^^^^ could not find `Image` in `ppm`
[INFO] [stdout] 
[INFO] [stdout] 
[INFO] [stdout] error[E0433]: failed to resolve: could not find `Image` in `ppm`
[INFO] [stdout]   --> src/main.rs:78:35
[INFO] [stdout]    |
[INFO] [stdout] 78 |     let image4: ppm::Image = ppm::Image::invert(&image3);
[INFO] [stdout]    |                                   ^^^^^ could not find `Image` in `ppm`
[INFO] [stdout] 
[INFO] [stdout] 
[INFO] [stdout] error[E0433]: failed to resolve: could not find `Image` in `ppm`
[INFO] [stdout]   --> src/main.rs:80:10
[INFO] [stdout]    |
[INFO] [stdout] 80 |     ppm::Image::save(&image4, save_path);
[INFO] [stdout]    |          ^^^^^ could not find `Image` in `ppm`
[INFO] [stdout] 
[INFO] [stdout] 
[INFO] [stdout] error[E0433]: failed to resolve: could not find `Image` in `ppm`
[INFO] [stdout]   --> src/main.rs:84:35
[INFO] [stdout]    |
[INFO] [stdout] 84 |     let image5: ppm::Image = ppm::Image::grayscale(&image4);
[INFO] [stdout]    |                                   ^^^^^ could not find `Image` in `ppm`
[INFO] [stdout] 
[INFO] [stdout] 
[INFO] [stdout] error[E0433]: failed to resolve: could not find `Image` in `ppm`
[INFO] [stdout]   --> src/main.rs:86:10
[INFO] [stdout]    |
[INFO] [stdout] 86 |     ppm::Image::save(&image5, save_path);
[INFO] [stdout]    |          ^^^^^ could not find `Image` in `ppm`
[INFO] [stdout] 
[INFO] [stdout] 
[INFO] [stdout] error[E0425]: cannot find function `new_with_file` in crate `ppm`
[INFO] [stdout]   --> src/main.rs:37:22
[INFO] [stdout]    |
[INFO] [stdout] 37 |     let image = ppm::new_with_file(open_path);
[INFO] [stdout]    |                      ^^^^^^^^^^^^^ not found in `ppm`
[INFO] [stdout] 
[INFO] [stdout] 
[INFO] [stdout] error[E0425]: cannot find function `new_with_file` in crate `ppm`
[INFO] [stdout]   --> src/main.rs:49:23
[INFO] [stdout]    |
[INFO] [stdout] 49 |     let image2 = ppm::new_with_file(open_path);
[INFO] [stdout]    |                       ^^^^^^^^^^^^^ not found in `ppm`
[INFO] [stdout] 
[INFO] [stdout] 
[INFO] [stdout] error[E0412]: cannot find type `Pixel` in crate `ppm`
[INFO] [stdout]   --> src/main.rs:63:30
[INFO] [stdout]    |
[INFO] [stdout] 63 |     let mut colors: Vec<ppm::Pixel> = Vec::new();
[INFO] [stdout]    |                              ^^^^^ not found in `ppm`
[INFO] [stdout] 
[INFO] [stdout] 
[INFO] [stdout] error[E0412]: cannot find type `Pixel` in crate `ppm`
[INFO] [stdout]   --> src/main.rs:67:21
[INFO] [stdout]    |
[INFO] [stdout] 67 |         let c: ppm::Pixel = ppm::Pixel::new(255, 0, 255);
[INFO] [stdout]    |                     ^^^^^ not found in `ppm`
[INFO] [stdout] 
[INFO] [stdout] 
[INFO] [stdout] error[E0412]: cannot find type `Image` in crate `ppm`
[INFO] [stdout]   --> src/main.rs:70:22
[INFO] [stdout]    |
[INFO] [stdout] 70 |     let image3: ppm::Image = ppm::Image::new(colors, w, h); 
[INFO] [stdout]    |                      ^^^^^ not found in `ppm`
[INFO] [stdout] 
[INFO] [stdout] 
[INFO] [stdout] error[E0412]: cannot find type `Image` in crate `ppm`
[INFO] [stdout]   --> src/main.rs:78:22
[INFO] [stdout]    |
[INFO] [stdout] 78 |     let image4: ppm::Image = ppm::Image::invert(&image3);
[INFO] [stdout]    |                      ^^^^^ not found in `ppm`
[INFO] [stdout] 
[INFO] [stdout] 
[INFO] [stdout] error[E0412]: cannot find type `Image` in crate `ppm`
[INFO] [stdout]   --> src/main.rs:84:22
[INFO] [stdout]    |
[INFO] [stdout] 84 |     let image5: ppm::Image = ppm::Image::grayscale(&image4);
[INFO] [stdout]    |                      ^^^^^ not found in `ppm`
[INFO] [stdout] 
[INFO] [stdout] 
[INFO] [stdout] error: aborting due to 19 previous errors
[INFO] [stdout] 
[INFO] [stdout] 
[INFO] [stdout] Some errors have detailed explanations: E0412, E0425, E0433.
[INFO] [stdout] 
[INFO] [stdout] For more information about an error, try `rustc --explain E0412`.
[INFO] [stdout] 
[INFO] [stdout] error: aborting due to 19 previous errors
[INFO] [stdout] 
[INFO] [stdout] 
[INFO] [stdout] Some errors have detailed explanations: E0412, E0425, E0433.
[INFO] [stdout] 
[INFO] [stderr] error: could not compile `useppm`.
[INFO] [stdout] For more information about an error, try `rustc --explain E0412`.
[INFO] [stdout] 
[INFO] [stderr] 
[INFO] [stderr] To learn more, run the command again with --verbose.
[INFO] [stderr] warning: build failed, waiting for other jobs to finish...
[INFO] [stderr] error: build failed
[INFO] running `Command { std: "docker" "inspect" "bbc65be03206ce255d51db46386f90333946d318043ccafd057c29627861740e", kill_on_drop: false }`
[INFO] running `Command { std: "docker" "rm" "-f" "bbc65be03206ce255d51db46386f90333946d318043ccafd057c29627861740e", kill_on_drop: false }`
[INFO] [stdout] bbc65be03206ce255d51db46386f90333946d318043ccafd057c29627861740e
